60. What is the hundreds digit of i?
9
Let q = 132 - 20. What is the hundreds digit of q?
1
Suppose -4*s = -7545 - 8339. What is the hundreds digit of s?
9
Suppose x = 5*b - 16 + 43, 5*b = 0. What is the tens digit of 13*(2 + -2 + x/3)?
1
Suppose -4*v + 3 = -3*v. Let k be -9*(-4)/v + 4. Let w = 20 - k. What is the units digit of w?
4
Let f be (-2395)/(4 + 1)*2/(-2). Suppose 4*m + 167 = f. What is the units digit of m?
8
Let n(b) = -1446*b - 62. What is the hundreds digit of n(-3)?
2
Let k = 31 + -13. Suppose 5*s + 67 = -k. Let r = s - -38. What is the units digit of r?
1
Suppose 10*l - 63 = 97. Suppose 24 - 232 = -l*y. What is the tens digit of y?
1
Let i = 1555 - 1077. What is the units digit of i?
8
Let l(y) = 2*y - 7. Let i be l(4). Suppose -5*s + 145 = -3*k, 3*k = -4*s + 3*s - 115. Let c = i - k. What is the units digit of c?
1
Suppose c + 3*i = 338, 2*c = 24*i - 26*i + 696. What is the units digit of c?
3
Let t(m) = 29*m - 2 - 6*m - 20*m + 51*m. Let c be t(1). Let u = 86 - c. What is the units digit of u?
4
Suppose 19 = -3*z - a, 3*a - 8*a = 2*z + 4. Suppose 0 = 3*s - 3*h - 111, -91 = -3*s - 5*h + 3*h. Let x = z + s. What is the tens digit of x?
2
Let a be 2*(0 + 3/2). Let z be a/(-4) + 114/(-8). Let f = -4 - z. What is the units digit of f?
1
Suppose -6*m = -m + 2*d + 8, 0 = -3*d - 12. Let p(c) = -12*c - 3 + m + 2. What is the tens digit of p(-1)?
1
Suppose -3*l = -2*r + 77, -3*l + 2*l - 83 = -2*r. What is the tens digit of r?
4
Let g = 11 - 15. Let y be -609*(42/(-9) - g). What is the units digit of (-21)/35 + y/10?
0
What is the tens digit of 140/42*(-18)/15*-61?
4
Suppose 2*i = 24*i - 5016. What is the tens digit of i?
2
Let y(o) = o**3 - 4*o**2 + 2*o + 3. Let f be y(3). Suppose f = h + 13 - 57. What is the tens digit of h?
4
Suppose 6*l - 18793 = 3257. What is the thousands digit of l?
3
Suppose 0 = -3*h + 878 + 511. What is the units digit of h?
3
Suppose -42*l + 2*h = -43*l + 427, 0 = -5*l + 4*h + 2149. What is the tens digit of l?
2
Let k(g) be the third derivative of 5*g**4/8 + g**3/6 + g**2. Suppose 27 = 2*n - 5*y, 5*n + 2*y = -2 - 3. What is the tens digit of k(n)?
1
Let l = -1 - -4. Let r(j) = -17*j**3 - j + 10*j**3 - 42*j**3 - 8*j**l. What is the tens digit of r(-1)?
5
Let d(s) = s**3 - 8*s**2 - 8*s - 8. Let i be d(9). What is the tens digit of 24 + (-2 - i/1)?
2
Let g(z) = 96*z**3 + z**2 + z - 2. Let y be g(1). Let a = y + -42. What is the tens digit of a?
5
Let w be (-104300)/(-42) - (12/9 - 1). Suppose -3*s + w = 10*s. What is the units digit of s?
1
Suppose 5*r + 4153 = -4*c + 6*c, 5*c + 2*r - 10368 = 0. Suppose -c = -17*q + 1717. What is the hundreds digit of q?
2
Let g = -20 - -34. Let d = -9 + g. Suppose d*q - q - 80 = 0. What is the units digit of q?
0
Let h(w) = 26*w**2 - w + 19. What is the hundreds digit of h(-5)?
6
Let l(b) = -22*b**3 - 2*b**2 - 2*b - 1. Suppose -5*y = -26 + 1. Suppose -a + 0*k + 24 = y*k, -5*k = -25. What is the tens digit of l(a)?
2
Suppose -2*h - 10 = 0, -t - 2*h + 18 = 3*t. Suppose -2*f + 2*o = 7*o + 5, 3*o + 3 = 5*f. Suppose f = v - t. What is the units digit of v?
7
Let k be ((-12)/15)/(8/380). Let v = k + 86. Suppose -6*l = -8*l + v. What is the tens digit of l?
2
What is the tens digit of 2/(-26) - 75200/(-104)?
2
Suppose 2*p = 312 + 96. Suppose 88 = 4*w - p. What is the units digit of w?
3
Suppose s = 2*h + 541, 2735 = -14*s + 19*s + 5*h. What is the hundreds digit of s?
5
Suppose -5*t + 20 = -q, -5*q = 4*t - 42 - 3. Let m(k) = k - 8. Let d be m(12). Suppose -t*z + 79 - d = 0. What is the units digit of z?
5
Suppose -6 = -8*s + 290. What is the tens digit of s?
3
Suppose -7*h + 669 = -297. What is the hundreds digit of h?
1
What is the tens digit of (2031/(-6))/((-3)/(4 + 2))?
7
Suppose -8*l + 143 = -441. Let y = -8 + 12. Suppose -y*j + l + 27 = 0. What is the tens digit of j?
2
Let v(j) = -3*j + 54. Let m be v(15). Suppose m*n - 93 = 1374. What is the hundreds digit of n?
1
Let z = -64 + 74. Suppose -12*q + 176 = -z*q. What is the tens digit of q?
8
Let o be 2 + 1/(1/84). Let x = -32 + o. What is the tens digit of x?
5
Suppose -5*o - 96 = 4*d + 1167, d + 321 = 4*o. What is the hundreds digit of 4/(-6) + d/(-3)?
1
What is the units digit of 12219/75 + (36/(-75))/(-6)?
3
Let l be 46/10 + 8/20. Suppose d - 88 = -4*p, l*d + 20 - 86 = -3*p. What is the tens digit of p?
2
What is the tens digit of ((-10)/(-3))/((-2)/(-636))?
6
Let p(d) = 4*d**2 + 9*d + 9. What is the units digit of p(14)?
9
Let h(g) = g**2 + 1. Let v(c) = -17*c**2 + 6. Let s(n) = 6*h(n) - v(n). What is the tens digit of s(1)?
2
Suppose -v + 152 = 7*j - 2*j, 4*j - 4*v = 112. What is the units digit of j/3*(3 - 2) - -1?
1
Let x = 1 - 7. Let p be (x/5)/(8/(-20)). Suppose -70 = -p*v - 19. What is the tens digit of v?
1
Let n(y) = y**3 - 9*y**2 + 13*y + 7. Let f(a) = -a**2 + 8*a + 7. Let r be f(8). Let x be n(r). Let o = x - -1. What is the units digit of o?
1
Let w = 241 + 652. What is the units digit of w?
3
Let z be 2*17/10 + (-33)/(-55). Suppose -3*t - 4*y + 211 = 0, 3*t - z*y + 2*y - 205 = 0. What is the tens digit of t?
6
Suppose 2*z + 9919 = 5*b - z, 0 = -5*b + z + 9913. What is the units digit of b?
2
Suppose 0 = -0*v - v. Suppose -2*c - 3 + 9 = v, 3*c - 94 = 5*u. Let k = u - -56. What is the units digit of k?
9
Let u(r) = 11*r**2 - 3 - 28*r**2 - 3*r + 18*r**2. What is the units digit of u(-6)?
1
What is the tens digit of 3/(-30)*-10 - -1526?
2
Let j = -92 + 92. Suppose -7*k - 75 + 327 = j. What is the tens digit of k?
3
Suppose -3*t + 0*g = g - 5, -5*g = 5. Let b = 19 + 52. Suppose -b - 19 = -t*a. What is the tens digit of a?
4
Suppose 4*y - 3*a = 47, -2*y - 8 + 49 = -5*a. Let b = y - 8. Suppose -2*i + 44 + 7 = -z, i - z - 23 = b. What is the tens digit of i?
2
Suppose -5 = -k - 3*r - 0*r, -3*k - 2*r + 8 = 0. Let c be (k/(-4))/(4/(-32)). Let g(x) = 3*x**2 - 5*x + 1. What is the tens digit of g(c)?
2
Let n(i) = i - 10. Let j be n(7). What is the tens digit of 0 + 3 + j + 65?
6
Let n = 35 + 557. What is the units digit of n?
2
Suppose -3*s - 4*x + 8 = -6*s, 0 = s + 5*x - 29. Suppose 0 = -p - 3*z + 117, -2*p + s*z = -167 - 77. What is the hundreds digit of p?
1
Let j = -51 + 55. Let i(p) = 19*p + 6. What is the units digit of i(j)?
2
Let b = 2 + -1. Suppose 0*p - 5 = 3*x - p, -5*x - 3*p + b = 0. What is the units digit of x/(3/111*-1)?
7
Suppose -23*k + 4276 = -3061. What is the units digit of k?
9
What is the hundreds digit of ((-40912)/32)/((-5)/(6 - -4))?
5
Suppose -2432*f + 2904 = -2429*f. What is the hundreds digit of f?
9
Let x(o) = 9*o + 2. Let n(r) = 5*r + 1. Let s(k) = -7*n(k) + 4*x(k). Let h be s(10). What is the units digit of (3/3)/1 + h?
2
Suppose 0 = t - 6 + 7. What is the tens digit of 1*(-1)/(t/217)?
1
Let b(p) = -6*p - 5. Let v be b(-6). Let c = v - 17. What is the tens digit of c?
1
Suppose 26 = 10*t - 34. Suppose a = 2 + t. What is the units digit of a?
8
Let o = 566 + -341. What is the hundreds digit of o?
2
Let s be ((-10)/4)/(3/(-6)). Suppose 26 = s*x - 2*u + 3*u, 0 = 5*x + 5*u - 10. What is the units digit of x?
6
Let j(o) = o + 1. Let m(w) = 2*w**3 + w**2 - 3*w + 1. Let a(s) = -j(s) + m(s). What is the units digit of a(2)?
2
Let b be ((-1)/((-3)/(-6)))/((-3)/9). What is the units digit of (20/b)/(34/255)?
5
Suppose -2*h + 2088 = 4*h. What is the units digit of (-5)/((-10)/h) - (-2)/2?
5
Suppose -2*c + 2*h = -4, 4*c = -0*c - h + 13. Suppose 5*p + 0*n + n - 682 = 0, c*p - 4*n = 423. What is the hundreds digit of p?
1
Let j = 2279 + -1608. What is the tens digit of j?
7
Let j(t) be the second derivative of t**7/2520 - t**6/720 - t**5/24 - t**4/6 - t. Let f(y) be the third derivative of j(y). What is the units digit of f(4)?
7
Let r(z) = 65*z - 358. What is the units digit of r(33)?
7
Suppose 3*u + 1421 = 4*m - 193, m + 538 = -u. What is the units digit of 8/40 + u/(-10)?
4
What is the thousands digit of (6216/(-105))/(2/(-45))?
1
Let m = -33 - -31. Let h be 13 + -6*(-1)/m. Let a = 35 + h. What is the units digit of a?
5
Let p be 348/(-5)*(-10)/(-3). Let q = 457 + p. What is the units digit of q?
5
Let p(a) = 2*a**2 - 20*a - 5. What is the tens digit of p(15)?
4
Let o(l) = -82*l - 14*l**3 - 81*l + 160*l - 4 + 2*l**2. What is the tens digit of o(-2)?
2
Let t = 52 - 27. Suppose -t*z - 104 = -27*z. What 